+ 15. Determine q(f).
15
Let z(o) = o**2 - o. Let y be 2/1 + 7/(-7). Give z(y).
0
Let o(q) = -3*q**3 - 9*q**2 + 3. Let w(k) = k**3 + k**2 + k - 1. Let v(n) = -o(n) - 4*w(n). Give v(3).
7
Suppose -5*g + 2*g - 16 = 5*a, 4*g + 4 = 2*a. Let m be (-1)/2 + (-11)/g. Let f = m + -3. Let s(i) = 2*i**2 - 2. Calculate s(f).
6
Let b(k) = k**3 + 4*k**2 - 2*k - 3. Let q be ((-12)/10)/(9/30). What is b(q)?
5
Suppose -i - 9 = 2*i. Let r(x) be the second derivative of -x**4/12 - x**3/2 + x. What is r(i)?
0
Let k be 1 - (-1*11 + -1). Suppose -5*x - k = -3. Let r(j) = 3*j**2 - 5*j**2 + 3 - 5 - 4*j - j**2. Determine r(x).
-6
Let t(o) be the third derivative of -1/12*o**4 + 0*o + 0 + o**3 - 2*o**2. Give t(5).
-4
Suppose 0 = -4*k + k. Let l(n) = 5*n + 1 + k*n**2 + n - n**3 - 3*n - n**2. Let v(t) = -t**3 - 2*t + 1. Let c be v(1). Give l(c).
-1
Let b(g) = 3*g**3 + 3*g**2 - 2. Let m(i) = 16*i**3 + 16*i**2 + i - 11. Let f(o) = -11*b(o) + 2*m(o). Let a be ((-9)/6)/(6/(-8)). Give f(a).
-8
Suppose -y = -5*y + 8. Let o be y*1 + -8 + 1. Let v(s) = -2*s - 7. Determine v(o).
3
Let l(f) be the third derivative of f**4/6 + f**3/2 - 6*f**2. Let n(z) = -2*z - 2. Let y(u) = -3*l(u) - 5*n(u). Give y(2).
-3
Let s(d) = 7 - 1 - 5*d + 4*d - 2. Give s(4).
0
Let b(k) = k**3 - k**2 + 4*k - 3. Let f = 11 + -7. Suppose p = 3*p - f. Calculate b(p).
9
Let a(c) be the first derivative of c**3/3 - 2*c - 1. Let i(t) be the first derivative of t**3/3 - 4*t**2 + 4*t + 2. Let v be i(7). Determine a(v).
7
Let y(d) = -d**3 - 3*d**2. Suppose -4*w - 28 - 24 = 0. Let z be 4/(-22) - w/11. Let h be (3/z)/((-9)/6). Determine y(h).
-4
Let l be 2/(-3) + 4/6. Let t(m) be the second derivative of 1/12*m**4 + 4*m**2 - 1/20*m**5 + 0 + 2*m - 1/6*m**3. Give t(l).
8
Let f(k) = 7*k**2 - 8*k + 14. Let b(z) = 6*z**2 - 8*z + 13. Let u(y) = 6*b(y) - 5*f(y). Determine u(6).
-4
Let s(z) = -z**3 - 4*z**2 + 4*z - 1. Let j be s(-5). Let u = j + -1. Let b(d) = 3 - 1 - u + 2 - d. Give b(-2).
3
Let o = 0 + 0. Let x(v) = v + 12. Suppose -5*f = -3*f + 12. Let d(m) = -m - 11. Let z(t) = f*x(t) - 7*d(t). Calculate z(o).
5
Let g(h) be the second derivative of h**4/12 + 5*h**3/6 + h**2/2 + 30*h. Calculate g(-7).
15
Suppose -17 = s - 5*j, s = 2*j + 2*j - 15. Let b(d) = -6*d**2 + 10 - d - d**2 - 2*d. Let p(w) = 10*w**2 + 5*w - 15. Let t(i) = s*b(i) - 5*p(i). Determine t(-4).
5
Let i(d) = 29*d**3 - 9*d**2 - 4*d + 2. Let z(s) = -14*s**3 + 4*s**2 + 2*s - 1. Let l(p) = -6*i(p) - 13*z(p). Let h = -1 - -2. Determine l(h).
9
Let i(n) = n**2 - 4*n + 5. Let t be i(5). Let z = t + -6. Let p(r) = r**3 - 5*r**2 + 3*r - 6. What is p(z)?
-10
Let v(i) = -5*i**2 + 10*i - 11. Let u(f) = f**2 - 2*f + 3. Let t(r) = -9*u(r) - 2*v(r). Give t(4).
3
Let i(v) = -3*v**2 + 2*v + 1. Let j = 1 - 0. Suppose 2 = -3*a - j. Let h = a + 0. What is i(h)?
-4
Let u(p) = -3*p - 2 + 3 - 3 - p**2. Let b = -9 - -13. Suppose -b*w - 4*d - 20 = -0*w, -w + 3*d + 7 = 0. Determine u(w).
0
Let z(w) = -w**3 + 10*w**2 - 9*w - 6. Let o be z(9). Let f(x) = -x**2 - 8*x - 5. Give f(o).
7
Let o = 2 + -1. Let u(d) be the third derivative of -d**5/30 - d**4/24 + d**3/6 + 10*d**2 + 7*d. Calculate u(o).
-2
Suppose 0 = 8*u - 17 - 7. Let f(l) be the third derivative of 1/20*l**5 + 0 - 1/12*l**4 + 1/2*l**u + 0*l + 2*l**2 - 1/120*l**6. Determine f(3).
-3
Let l(p) = p - 4. Let n be l(3). Let h = 2 + n. Suppose 4 = g + h. Let c(m) = -m**3 + 3*m**2 + 3*m - 1. Give c(g).
8
Let v(j) = j**3 + 4*j**2 - j + 1. Let k be v(-4). Let f(u) = 4*u - 3*u - u**2 - 3 + 6*u. What is f(k)?
7
Let n(z) = -z + 4. Let x(f) = f**2 - 3*f - 4. Let l be x(7). Suppose y = 4*r - l, -6 = -0*r - r - 2*y. What is n(r)?
-2
Let j = 4 + -2. Let k(f) = f**2 - 3*f - 2*f**j - 3 + 7. Suppose -2*v + 10 = -4*v. Calculate k(v).
-6
Let m(w) = -w + 1. Let n be 14/(-49) + 4/14. Suppose n*b = 2*b + 2. Calculate m(b).
2
Let k(v) = v**3 + 7*v**2 + 5*v - 3. Let g be k(-6). Let r(b) be the third derivative of -b**5/60 + 5*b**4/24 - b**3/6 + b**2. Determine r(g).
5
Let q(u) = -5*u**3 + u**2 - u + 1. Suppose -2*j - 4*w + w = -2, 4*w = -2*j. Suppose -4*g = j*z + 12, -4*z + z = 4*g + 8. Calculate q(g).
-4
Suppose -y = -2*y + 1. Let x be 66/15 + (-6)/15. Let u(a) = -a + 4*a + a - 1 - 2*a - 2*a**2 + x*a**3. What is u(y)?
3
Suppose i - 30 = -0*i. Suppose 4*v - i = -v + 3*l, -4*l + 24 = 4*v. Suppose -2 = -4*n - v. Let d(o) = -o**3 - 2*o**2 + o + 1. Give d(n).
-1
Suppose -2*x = -4*p + 2*x - 20, 2*x + 2 = -p. Let h(g) = -g - 3. Let t be h(-5). Let f(j) = 0 + 0 - 6 - t*j + 4. What is f(p)?
6
Suppose -5*w = -0*w - 5, w - 1 = 2*a. Let o(u) = 3*u - 1. Let f(d) = -d + 1. Let q(v) = -5*f(v) - 2*o(v). Give q(a).
-3
Let v = 11 + -32. Let d = v - -14. Let u(m) = -m**3 - 8*m**2 - 6*m - 1. Calculate u(d).
-8
Let j(c) = -c + 3. Let m be j(0). Let v(k) be the first derivative of -k**4/4 + k**3 - 3*k**2/2 + k - 2. Give v(m).
-8
Suppose o - 3*s + 14 = 0, 2*o - 3*o + 4*s = 18. Let a(g) be the first derivative of 1/2*g**2 + 2*g + 1. Determine a(o).
0
Let b(v) = 0 - 2 + v**2 + 8*v - 3*v. Let u(j) = j**2 + j - 4. Let l be u(0). What is b(l)?
-6
Let h(k) = -k - 2. Let a be ((-5)/4)/(3/(-12)). Let x(i) = 2*i + 5. Let w(m) = a*h(m) + 3*x(m). Determine w(0).
5
Let u(c) = 7*c + 10*c + 7*c - 7 - 26*c. Determine u(-6).
5
Let q(y) = 2*y + 4. Suppose 0*d - 40 = -5*d. Let c(k) = 4 + 4*k**2 - 2*k**2 + 7*k - 8*k**2 + 5*k**2. Let j be c(d). Determine q(j).
-4
Let n = 4 - 6. Let p be (0 - n)/1 - 5. Let z(r) = r**2 + 2*r - 1. Determine z(p).
2
Let r(a) = -a - 6. Let v = -3 - 1. Give r(v).
-2
Let h be -2 + 1 + 28/2. Let p(x) = x**2 - 13*x + 5. Let j be p(h). Suppose -2*g + j + 1 = 0. Let o(m) = m**2 - 3*m + 4. What is o(g)?
4
Let h(i) = -2*i - 7. Let a be h(-6). Suppose 2*c + a*q + 28 = c, -5*c - 30 = 3*q. Let n be 1/6*10*c. Let o(p) = -p**2 - 6*p - 3. Give o(n).
2
Let f = -10 + 14. Suppose -s - t = 0, s - f = -t + 4*t. Let z(q) = q**3 - 8 + q**2 + 4*q**2 + s - 2*q. What is z(-5)?
3
Let s(p) = 3*p - 4. Let x(d) be the third derivative of d**4/12 - d**3/2 + 4*d**2. Let i be 2/(-2)*1*3. Let l(k) = i*s(k) + 4*x(k). Calculate l(4).
-4
Let l(n) = -1. Let a(w) = -w**2 - 6*w + 11. Let v(r) = -a(r) - 5*l(r). Let j(u) be the first derivative of v(u). What is j(-6)?
-6
Let g(d) be the third derivative of -d**5/20 + d**4/6 - 14*d**2. Give g(3).
-15
Let h(k) be the third derivative of k**4/12 - k**3/6 + 5*k**2. Calculate h(-2).
-5
Let c(l) = l + 8. Let j be c(-7). Let v(p) be the first derivative of -3*p**2 - p - 10. Determine v(j).
-7
Let t(x) = -2*x - 6. Suppose 5*z - 4*z = -4. Calculate t(z).
2
Suppose u + 3 = -4*b, 6*u = 3*u - 2*b + 1. Let r(v) be the first derivative of -v**5/12 - 4*v**3/3 + 2. Let c(o) be the third derivative of r(o). What is c(u)?
-10
Let n(l) = l**3 - 6*l**2 - 15*l. Let d(b) = b + 1. Let g(m) = -6*d(m) - n(m). Determine g(7).
8
Let d(v) = -9*v**3 + v. Let z(o) = -o**2 - 5*o - 1. Let a be z(-4). Let n = 4 - a. Suppose -4*i + 3 = -n. Give d(i).
-8
Let x(o) = 6*o**2 - 5*o - 2. Let k(b) = 7*b**2 - 5*b - 2. Let f be ((-3)/(-6))/((-3)/30). Let w(p) = f*k(p) + 6*x(p). What is w(5)?
-2
Let t(y) = y**2 + 6*y + 4. Let h(b) = -4*b + 3. Let l be h(2). Let s be t(l). Let q(g) = 3*g**3 + g**2 - 1. Determine q(s).
-3
Suppose -7*p + 8 = -3*p. Let z be ((-1)/(-2))/(1/6). Suppose -p*d - z = d. Let k(y) = -2*y - 1. Calculate k(d).
1
Let u = 1 + 2. Let c = 9 + -6. Suppose -c*v + 5*r - 9 = 0, v + 10 = r + u*r. Let g(t) = t**3 - 3*t**2 + 2*t. Determine g(v).
0
Let g(y) = -40 - 33 + 81 - 2*y. Give g(6).
-4
Let k be (4/(-3))/(-2)*-3. Let d(i) = 1 + 3*i**2 + i**3 + 0*i**3 - 4*i + 0 + 7*i. Calculate d(k).
-1
Let a(y) = -2*y - 2. Let j(p) = -19*p**2 - p. Let m be j(1). Let n be m/(-4)*(-4 + -1). Let c be (-10)/n - 44/10. What is a(c)?
6
Suppose 0 = -2*a - 2*a + 16. Let j(c) = -3 + 0 + a*c + 2*c + c**2 + 5. Let m(u) = -u**3 - 4*u**2 + 6*u + 1. Let g be m(-5). What is j(g)?
-6
Let j(o) = -o**3 + 4*o**2 - 3*o + 6. Let m be j(4). Let f be (4/8*2)/1. Let v = m + f. Let g(u) = -u**2 - 6*u - 7. Determine g(v).
-2
Let r(z) = 15*z + 1. Suppose 8*c - 6 - 2 = 0. Give r(c).
16
Let t(y) = 7*y + 1. Suppose 3*z = -0*x - 5*x - 28, -5*x - 30 = 5*z. Calculate t(z).
-6
Let b(o) = -o + 2. Let d(h) = -4*h**3 + h**2. Let m = -1 + 2. Let u = -2 + m. Let w be d(u). What is b(w)?
-3
Let r(j) be the second derivative of 1/2*